 r(-7)?
6
Let u(y) = -5*y**3 + 7 - 3 + 6*y**3 + 2. Determine u(0).
6
Let o = 17 - 12. Let c(g) = g - 9. Give c(o).
-4
Let f(x) = x**3 + 5*x**2 + 5*x + 6. Suppose 2*p - 4 = 0, -5*p = -j - 2*j + 5. Let r = -19 + 31. Suppose j*q + r = -8. What is f(q)?
2
Let d(o) = 5*o**3 - 11*o**2 - 6*o - 30. Let t(s) = -s**3 + 2*s**2 + s + 6. Let l(y) = 2*d(y) + 11*t(y). Determine l(0).
6
Let x = -94 - -67. Let n = -23 - x. Let h(g) = 2 - 3*g + 0 + 2*g**2 - g**2. Calculate h(n).
6
Suppose 3*y + q = -11, y + 4*q + 22 = -0*q. Let b be y/(-5) + 4/(-10). Let i(l) = l + 8. Give i(b).
8
Suppose -5*l - 23 = -3. Let i be -1*(l + -2)/3. Let h(q) = -q**3 - 3*q + 1. Give h(i).
-13
Let t = 6 - 10. Let c(k) = 6*k + 4. Let a(v) = v. Let n(m) = 4*a(m) - c(m). Calculate n(t).
4
Let l = -2 - -2. Let m(j) = j - 6 + l*j + 3. Suppose -5*z - 10 = -4*c, -2*z + 6*z = 3*c - 8. Calculate m(c).
-3
Let v(q) = q**2 - 3 + 10*q + 2 - 11*q + 2*q**3. Give v(-1).
-1
Let f(u) = 2*u**3 - 14*u**2 + 7*u + 4. Let h(k) = 3*k**3 - 21*k**2 + 11*k + 6. Let m(a) = 8*f(a) - 5*h(a). Give m(7).
9
Let l(n) = -3*n + 2*n + 6 + 3*n. What is l(-4)?
-2
Let x(w) = w + 0 - 5 + 0. Suppose 3*u + 4 = -u. Let z = u + 1. Determine x(z).
-5
Let v = -9 + 11. Let w(q) = -2 + q**2 + v*q - 2*q**2 + q**3 - 3*q. Calculate w(-2).
-12
Let j(s) be the third derivative of -7*s**5/30 - s**4/24 - 14*s**2. What is j(-1)?
-13
Let x(b) = -b**3 + 6*b**2 - 4*b - 3. Let l = -9 - -13. Suppose k = 3*n + l, -5*n - 8 = -5*k + 3*k. Determine x(k).
13
Let d(f) be the third derivative of -f**5/60 - 5*f**4/24 + 2*f**2. Let m = -6 - -15. Suppose 2*h + m = -0*b - b, -3*h - 2*b = 12. Calculate d(h).
-6
Let p be (-2)/10 - (-48)/40. Let j(i) = -3*i + 10. Let a(k) be the third derivative of k**4/24 - 2*k**2. Let t(f) = p*j(f) + 2*a(f). Determine t(6).
4
Let z(w) = 2*w + 0*w + 5*w - 4*w + 2. Give z(2).
8
Let r(s) = s**3 + 4*s**2 - 2*s - 5. Let y(l) = 2 + 3*l**2 - 6 - 2*l**2 - 6*l + l. Let m be y(5). Calculate r(m).
3
Suppose -4*j - 20 = 4*y, 2*j = -6 - 4. Let x be (-4)/(-1) + -1 + y. Let d(u) = -3 - 3*u + 4*u - u + x*u. Give d(2).
3
Let h(y) = -y**2 + y + 10. Let p(x) = x**2 + 6*x + 8. Let r be p(-4). Calculate h(r).
10
Let w be 2 - 7/(28/(-12)). Let y(i) be the second derivative of 2/3*i**3 + 3/2*i**2 + 0 - 1/20*i**w - 1/4*i**4 + i. What is y(-3)?
-9
Let x(j) be the first derivative of j**3/3 - 4*j**2 + 7*j - 1. Let o be x(7). Let y(h) = h**2 + 0*h + h + h + o*h. What is y(-2)?
0
Suppose -m - 1 = 0, -m = 4*i + 3*m + 20. Let l be -2*1 - i/2. Let r(w) = 4 + 5*w + l*w - 3 + w**2. Determine r(-5).
1
Let s be (2 + 14*-1)/(-2). Let c(m) = -1. Let j(g) = -g**3 + 7*g**2 - 6*g + 5. Let n(t) = -4*c(t) - j(t). Calculate n(s).
-1
Let s(j) be the second derivative of j**3/6 + j**2 + 7*j. Give s(-4).
-2
Let k(p) = 4*p + 11. Let w(f) = 2*f + 6. Let d(i) = -3*k(i) + 5*w(i). What is d(-6)?
9
Let r(l) = -l - 4. Suppose 0 = 4*f + 2*z + 10, 0 = -3*z + 6 - 3. Determine r(f).
-1
Let p(j) = 4*j + 4. Suppose 3*a - 2*o = -5, -4*o + 2*o = -a + 1. Determine p(a).
-8
Let p(z) be the second derivative of z**3/6 - z**2 + 11*z. Suppose r = 2 - 6. Calculate p(r).
-6
Let y = 8 - 4. Let g(t) = -2*t - 2*t - t + t**3 + 4 + y*t**2 + t. What is g(-5)?
-1
Let g(x) = -x**3 - 10*x**2 - 9*x + 1. Let u be 10/25 - ((-186)/(-15) - 3). Give g(u).
1
Let o be (-11)/(-22) - (10/(-4) - 1). Let c(n) be the first derivative of -1/4*n**o + 3*n**2 + n - 4 + 4/3*n**3. Give c(5).
6
Let g(o) = 2*o + 4. Let p be 0/(-3) + 0/(-1). Let l be (-4)/((2 - p)/2). Determine g(l).
-4
Suppose 4*q = 3*q + 12. Suppose g + 3*g + q = 0. Let f(d) = 1. Let b(w) = -w - 5. Let n(t) = b(t) + f(t). Give n(g).
-1
Suppose -22*o - 63 + 19 = 0. Let t(l) = 1 + 0 + l**3 - l + 0*l. Give t(o).
-5
Let n(j) = -j**3 - j**2 + 2*j + 2. Let t be n(-2). Suppose 0 = 2*s + t - 0. Let k(y) = -y**2 - 2*y - 1. Calculate k(s).
0
Let h(i) = -i - 2*i + 5*i. Let v(r) be the third derivative of -r**5/60 - r**4/6 + r**3 + 4*r**2. Let q be v(-5). Determine h(q).
2
Let r(u) = -u**3 - 3*u**2 + 5*u - 2. Let d(s) be the third derivative of s**6/120 - s**5/15 - s**4/3 + 11*s**3/6 - 9*s**2. Let c be d(5). Determine r(c).
-6
Suppose 4*x - 10 = 2. Let s(d) = d - 4 + 0*d - x*d**2 + 5*d + 2*d**2. Give s(4).
4
Let h(b) = b**2 - 4*b - 6. Let u be h(6). Let g(d) = -2*d**2 - u*d - d**3 - 4 - 2*d**2 - 3*d**2 + 2*d**2. Give g(-4).
4
Let f(n) be the first derivative of n**4/2 - n**3 + n**2/2 - 2*n - 1. Give f(2).
4
Suppose -11*u + 25 = -6*u. Suppose 3*r = 2*f - 10, 2 + 2 = u*f + 3*r. Let o(h) = 1 - 3 - f - h. Calculate o(-4).
0
Let d(x) = -3*x + 4. Let k(n) = -2*n + 4. Let h(b) = 3*d(b) - 4*k(b). Give h(-3).
-1
Let n(b) = 5*b - 38. Let z be n(6). Let p(l) = -l**3 - 8*l**2 + l + 8. What is p(z)?
0
Let y(t) = -t**2 - 9*t - 9. Let r(v) = -v**2 - 4*v - 4. Let u(z) = 9*r(z) - 4*y(z). Suppose i - 1 = -2*i - 2*w, 4*w + 19 = i. Let a = i - 4. Give u(a).
-5
Let x(c) = -c**2 - c + 3. Let h = 1 + 1. Suppose -d - h*d = 0. Suppose d = 3*p + 2*p. Determine x(p).
3
Suppose -1 - 5 = -x. Let d(r) = -r**2 + 8*r + 2. What is d(x)?
14
Let l(n) = 5*n**3 - 2*n**2 - 4*n - 3. Let g(x) = 9*x**3 - 4*x**2 - 8*x - 5. Let y(v) = 4*g(v) - 7*l(v). Let o = -12 - -15. Calculate y(o).
-2
Suppose 4*g - 5*c + c + 20 = 0, -2*c + 10 = -4*g. Let r be (-2)/(-4)*(5 - -1). Let y(l) = 4*l**r - 2 - l**3 - 4*l**3 + l**2. Determine y(g).
-2
Suppose t = -2, -4*f + 2*t - 3 = -3*f. Let y = f + 14. Let n(c) = y + c - 7. Determine n(2).
2
Let f(g) = g + 1. Let j be f(-7). Let b(t) = -t**3 - 5*t**2 + 7*t + 12. Let q be b(j). Let u(w) = -w**2 + 5*w + 7. Give u(q).
1
Let l(w) = 4 - 4 + 1 - w + 8. Let z(b) = b. Suppose c - 3*i = -3*c + 4, i = -c + 8. Let q be z(c). What is l(q)?
5
Let y(v) be the second derivative of -v**3/6 + v**2/2 + 4*v - 2. Determine y(-2).
3
Let f(o) be the second derivative of o**3/3 - 9*o**2/2 - 3*o. Let x = 16 + -10. What is f(x)?
3
Let y(i) = -i + 2. Let t(d) = -2*d + 4. Let s(r) = 3*t(r) - 5*y(r). Let j = -13 + 9. Let h be (-6)/j + (-70)/(-20). Determine s(h).
-3
Let g(p) = -7*p**2 - 2*p + 1. Let n(r) = -r**2 - 6*r + 5. Let b be n(-6). Suppose -5*x + b*t = -25, -3*t - 16 = -8*x + 4*x. Give g(x).
-8
Let s(m) = -2*m**3 + 2*m - 1. Suppose -4*o - 2*d - 8 = 0, -2*o + 2*d - 2 = -10. Suppose 0 = w - 1 - o. Give s(w).
-1
Let x(g) = 2*g**2 - 2*g - 1. Let d be x(2). Let o(y) = -y**d - 5*y**2 - 7*y - 1 + 4 - 7. Calculate o(-4).
8
Let h(q) = -q**3 + 5*q**2 - q - 2. Suppose 4*r = r. Suppose 11*z - 6*z - 15 = r. What is h(z)?
13
Let n(m) = 0*m - m + 2*m - 4. Suppose 5*h = -2*b + 15, 3*h = 2*b + 2*b + 35. Suppose 5*p - 2*u = -7*u + h, -p - 11 = -2*u. Determine n(p).
-7
Let k = -23 + 19. Let o(j) = j**3 + 2*j**2 - 6*j - 1. Calculate o(k).
-9
Suppose i - 4*r - 46 = -4*i, -10 = i + 4*r. Let s(u) = -u**2 + 8*u - 3. Calculate s(i).
9
Let t(i) = 3*i**2 - 1 + i**3 - 14 + 7 - 2*i + 6. Determine t(-3).
4
Let r(a) = 15*a + 1. Let w be -3*(-2 + 15/9). What is r(w)?
16
Let d(h) = 3*h**2 - 6*h + 1. Let n(u) = -u**2 + 3*u. Let o(k) = -2*d(k) - 5*n(k). What is o(-4)?
-6
Let n(z) = -739*z + 374*z + 370*z - 1. Determine n(3).
14
Let f = -62 - -59. Let j(l) = -l**3 - l**2 + 3*l - 4. What is j(f)?
5
Let s(b) = -b**3 - 4*b**2 + 6*b - 1. Let q be 12/18 + (-56)/3. Let c be (-2)/(-9) - (-94)/q. Determine s(c).
-6
Let q(m) = -2*m**3 + m - 3 + m**3 + 4. Let w = 0 - -2. Suppose w*h + 0 = 4. What is q(h)?
-5
Let j(q) = -q - 3. Let f(w) = w + 2. Let r(d) = -7*f(d) - 6*j(d). Let o = -4 + -1. What is r(o)?
9
Let u = 2 - 0. Let r(w) = w**3 - 5*w + 5*w + 1 + 5*w**u. Let b be (20/8)/((-2)/4). Give r(b).
1
Let o(b) = -2*b**2 + b - 1. Let x = 9 - 4. Let t(w) = -5*w**2 - 2 + w + w**2 + w**2. Let l(m) = x*o(m) - 3*t(m). Give l(4).
-7
Let u(n) = -3*n**3 + n**2 + 2*n - 3. Let r be 2/(-8)*-6*(-48)/(-36). What is u(r)?
-19
Let s = 1 + -2. Let w be 2/(s*(-3 + 2)). Let x be (3/6*w)/(-1). Let i(c) = 2*c**3 - 1. Give i(x).
-3
Let v = -11 + 5. Let r(m) = -m + 5*m + 0 - 3*m - 7*m**2 + 3. Let s(j) = 6*j**2 - 3. Let o(u) = 5*r(u) + 6*s(u). Give o(v).
3
Let b(u) be the first derivative of u**4/4 - u**3/3 - u**2/2 + 8*u + 23. Determine b(0).
8
Let m(o) = -6*o - 1. Let l(k) = k + 18. Let c be l(-19). What is m(c)?
5
Let a(h) = -13*h**3 + 25*h**2 - 4*h - 16. Let b(q) = -3*q**3 + 6*q**2 - q - 4. Let p(x) = -2*a(x) + 9*b(x). Suppose 5 = n + 2. Determine p(n).
2
L